{"id":247,"date":"2024-12-11T13:09:50","date_gmt":"2024-12-11T13:09:50","guid":{"rendered":"https:\/\/dennisnaesby.dk\/?page_id=247"},"modified":"2024-12-11T13:25:05","modified_gmt":"2024-12-11T13:25:05","slug":"bevaegelsesterapi","status":"publish","type":"page","link":"https:\/\/dennisnaesby.dk\/?page_id=247","title":{"rendered":"Bev\u00e6gelsesterapi"},"content":{"rendered":"\n<p class=\"has-text-align-center has-accent-4-color has-text-color has-link-color has-x-large-font-size wp-elements-09b1fb63c91ffb87e7a1eee0e03a1753\">Bev\u00e6gelsesterapi<\/p>\n\n\n\n<figure class=\"wp-block-image size-large\"><img loading=\"lazy\" decoding=\"async\" width=\"1024\" height=\"649\" src=\"https:\/\/dennisnaesby.dk\/wp-content\/uploads\/2024\/12\/Vindue-cut-1-1024x649.png\" alt=\"\" class=\"wp-image-253\" srcset=\"https:\/\/dennisnaesby.dk\/wp-content\/uploads\/2024\/12\/Vindue-cut-1-1024x649.png 1024w, https:\/\/dennisnaesby.dk\/wp-content\/uploads\/2024\/12\/Vindue-cut-1-300x190.png 300w, https:\/\/dennisnaesby.dk\/wp-content\/uploads\/2024\/12\/Vindue-cut-1-768x487.png 768w, https:\/\/dennisnaesby.dk\/wp-content\/uploads\/2024\/12\/Vindue-cut-1.png 1532w\" sizes=\"auto, (max-width: 1024px) 100vw, 1024px\" \/><\/figure>\n\n\n\n<p>Oplev n\u00e5r bev\u00e6gelse skaber samordning i dig &#8211; og med andre.<\/p>\n\n\n\n<p class=\"has-small-font-size\" id=\"bevaegelsesterapi\">Bev\u00e6gelse forts\u00e6tter ofte der, hvor snak og ord ikke r\u00e6kker.<br>Ved at v\u00e6re bevidst om din krop under bev\u00e6gelse bliver mulighederne for at p\u00e5virke forskellige personlige problemstillinger pludselig mange flere.<\/p>\n\n\n\n<p class=\"has-small-font-size\">\u200bDu kan blive klar over \u00e5rsagerne til tr\u00e6thed og manglende energi. Find ny energi og vind din frihed tilbage gennem bev\u00e6gelse.<\/p>\n\n\n\n<p class=\"has-small-font-size\">Hele dit liv, h\u00e6ndelser og reaktioner p\u00e5 dem, er lagret i din krops hukommelse.  <br>Alt hvad du har l\u00e6rt og tilegnet dig gennem din opv\u00e6kst pr\u00e6ger dine ideer om dig selv og omverden. Det pr\u00e6ger dine f\u00f8lelser og sindsstemninger. Ikke mindst pr\u00e6ger det ogs\u00e5 din krops holdning, udtryk og bev\u00e6gelser. Kroppen repr\u00e6senterer det ubevidste i dig og kan skabe en genvej til dit underbevidste sind. Kroppen fort\u00e6ller din historie og kan blive din absolutte mentor i livet, hvis du l\u00e6rer at finde samklang med den. <\/p>\n\n\n\n<p class=\"has-small-font-size\">I bev\u00e6gelsesterapi l\u00e6rer du at blive nysgerrig p\u00e5 dig selv, din historie og dine udfordringer gennem krop, vejrtr\u00e6kning og bev\u00e6gelse.<\/p>\n\n\n\n<p class=\"has-small-font-size\">Vores krop har en fantastisk evne til at <strong>selvregulere<\/strong> og balancere sig n\u00e5r den ellers f\u00e5r lov, hvilket utroligt sj\u00e6ldent sker i de fleste menneskers hektiske og afrettede hverdag. I hverdagen er manges bev\u00e6gelser styrede, m\u00e5lrettede, arrangerede og automatiserede og kroppen f\u00e5r sj\u00e6ldent lov til udtrykke sig frit for de ophobninger, der er opst\u00e5et undervejs.<br>For nogle kan det v\u00e6re noget, der foreg\u00e5r gennem det meste af livet.<\/p>\n\n\n\n<p class=\"has-small-font-size\">I bev\u00e6gelsesterapien inviteres du til at give fri til udtryk af det ophobede. Du l\u00e6rer bevidst at h\u00e5ndtere f\u00f8lelser og tanker gennem bev\u00e6gelse og stemme.<\/p>\n\n\n\n<p class=\"has-small-font-size\">Bev\u00e6gelsesterapien kan hj\u00e6lpe dig til nyorientering og til m\u00e5ske vigtige erkendelser og er fuldkommen <strong>pr\u00e6stationsfri<\/strong>. Du skal ikke p\u00e5 nogen m\u00e5der v\u00e6re &#8220;god til at bev\u00e6ge dig&#8221; eller i god fysisk form for at kunne opdage gavnligheden af en session.<\/p>\n\n\n\n<figure class=\"wp-block-image size-large\"><img loading=\"lazy\" decoding=\"async\" width=\"1920\" height=\"1080\" src=\"https:\/\/dennisnaesby.dk\/wp-content\/uploads\/2024\/12\/IMG_20240712_195239-edited.jpg\" alt=\"\" class=\"wp-image-259\" srcset=\"https:\/\/dennisnaesby.dk\/wp-content\/uploads\/2024\/12\/IMG_20240712_195239-edited.jpg 1920w, https:\/\/dennisnaesby.dk\/wp-content\/uploads\/2024\/12\/IMG_20240712_195239-edited-300x169.jpg 300w, https:\/\/dennisnaesby.dk\/wp-content\/uploads\/2024\/12\/IMG_20240712_195239-edited-1024x576.jpg 1024w, https:\/\/dennisnaesby.dk\/wp-content\/uploads\/2024\/12\/IMG_20240712_195239-edited-768x432.jpg 768w, https:\/\/dennisnaesby.dk\/wp-content\/uploads\/2024\/12\/IMG_20240712_195239-edited-1536x864.jpg 1536w\" sizes=\"auto, (max-width: 1920px) 100vw, 1920px\" \/><\/figure>\n","protected":false},"excerpt":{"rendered":"<p>Bev\u00e6gelsesterapi Oplev n\u00e5r bev\u00e6gelse skaber samordning i dig &#8211; og med andre. Bev\u00e6gelse forts\u00e6tter ofte der, hvor snak og ord ikke r\u00e6kker.Ved at v\u00e6re bevidst om din krop under bev\u00e6gelse bliver mulighederne for at p\u00e5virke forskellige personlige problemstillinger pludselig mange flere. \u200bDu kan blive klar over \u00e5rsagerne til tr\u00e6thed og manglende energi. Find ny energi [&hellip;]<\/p>\n","protected":false},"author":1,"featured_media":0,"parent":0,"menu_order":0,"comment_status":"closed","ping_status":"closed","template":"","meta":{"footnotes":""},"class_list":["post-247","page","type-page","status-publish","hentry"],"_links":{"self":[{"href":"https:\/\/dennisnaesby.dk\/index.php?rest_route=\/wp\/v2\/pages\/247","targetHints":{"allow":["GET"]}}],"collection":[{"href":"https:\/\/dennisnaesby.dk\/index.php?rest_route=\/wp\/v2\/pages"}],"about":[{"href":"https:\/\/dennisnaesby.dk\/index.php?rest_route=\/wp\/v2\/types\/page"}],"author":[{"embeddable":true,"href":"https:\/\/dennisnaesby.dk\/index.php?rest_route=\/wp\/v2\/users\/1"}],"replies":[{"embeddable":true,"href":"https:\/\/dennisnaesby.dk\/index.php?rest_route=%2Fwp%2Fv2%2Fcomments&post=247"}],"version-history":[{"count":4,"href":"https:\/\/dennisnaesby.dk\/index.php?rest_route=\/wp\/v2\/pages\/247\/revisions"}],"predecessor-version":[{"id":260,"href":"https:\/\/dennisnaesby.dk\/index.php?rest_route=\/wp\/v2\/pages\/247\/revisions\/260"}],"wp:attachment":[{"href":"https:\/\/dennisnaesby.dk\/index.php?rest_route=%2Fwp%2Fv2%2Fmedia&parent=247"}],"curies":[{"name":"wp","href":"https:\/\/api.w.org\/{rel}","templated":true}]}}