{"id":301,"date":"2024-12-11T19:18:54","date_gmt":"2024-12-11T19:18:54","guid":{"rendered":"https:\/\/dennisnaesby.dk\/?page_id=301"},"modified":"2024-12-12T11:20:33","modified_gmt":"2024-12-12T11:20:33","slug":"individuel-terapi-2","status":"publish","type":"page","link":"https:\/\/dennisnaesby.dk\/?page_id=301","title":{"rendered":"Individuel terapi"},"content":{"rendered":"\n<p class=\"has-text-align-center has-accent-4-color has-text-color has-link-color has-x-large-font-size wp-elements-0296307c66f0daa3e4bbda55cc7a4560\">Individuel terapi<\/p>\n\n\n\n<figure class=\"wp-block-image size-large\"><img loading=\"lazy\" decoding=\"async\" width=\"1024\" height=\"502\" src=\"https:\/\/dennisnaesby.dk\/wp-content\/uploads\/2024\/12\/Terapirum-og-briks-kombi-hjemmeside-2-1024x502.png\" alt=\"\" class=\"wp-image-210\" srcset=\"https:\/\/dennisnaesby.dk\/wp-content\/uploads\/2024\/12\/Terapirum-og-briks-kombi-hjemmeside-2-1024x502.png 1024w, https:\/\/dennisnaesby.dk\/wp-content\/uploads\/2024\/12\/Terapirum-og-briks-kombi-hjemmeside-2-300x147.png 300w, https:\/\/dennisnaesby.dk\/wp-content\/uploads\/2024\/12\/Terapirum-og-briks-kombi-hjemmeside-2-768x376.png 768w, https:\/\/dennisnaesby.dk\/wp-content\/uploads\/2024\/12\/Terapirum-og-briks-kombi-hjemmeside-2-1536x753.png 1536w, https:\/\/dennisnaesby.dk\/wp-content\/uploads\/2024\/12\/Terapirum-og-briks-kombi-hjemmeside-2-2048x1004.png 2048w\" sizes=\"auto, (max-width: 1024px) 100vw, 1024px\" \/><\/figure>\n\n\n\n<p class=\"has-text-align-center\"><strong>F\u00e5 et hurtigt overblik<a href=\"https:\/\/dennisnaesby.dk\/?page_id=219\" data-type=\"page\" data-id=\"219\"> HER.<\/a><\/strong><\/p>\n\n\n\n<p>Links til uddybende overblik:<\/p>\n\n\n\n<p><a href=\"https:\/\/dennisnaesby.dk\/?page_id=247\" data-type=\"page\" data-id=\"247\">Bev\u00e6gelsesterapi<\/a><br><a href=\"https:\/\/dennisnaesby.dk\/?page_id=261\" data-type=\"page\" data-id=\"261\">Helhedsorienteret fysioterapi og kropsterapi<\/a><br><a href=\"https:\/\/dennisnaesby.dk\/?page_id=240\" data-type=\"page\" data-id=\"240\">Samtaleterapi\/Walk and talk<\/a><br><a href=\"https:\/\/dennisnaesby.dk\/?page_id=277\" data-type=\"page\" data-id=\"277\">Kognitiv terapi og mindfulness<\/a><br><a href=\"https:\/\/dennisnaesby.dk\/?page_id=285\" data-type=\"page\" data-id=\"285\">Naturen som terapeutisk ramme<\/a><br><\/p>\n\n\n\n<p class=\"has-base-background-color has-background has-small-font-size\"><strong>Om det terapeutiske rum hos mig<\/strong><br><br>Som klient hos mig kan du forvente:<br><br>&#8211; Et helhedsorienteret m\u00f8de med dig og det du kommer med.<br>&#8211; Fuld diskretion.<br>&#8211; Et ikke-kravspr\u00e6get og ikke-vurderende rum.<br>&#8211; En opm\u00e6rksom st\u00f8tte.<br><br>Du er en del af en f\u00e6lles kultur og samtid og alligevel helt dig selv. Dit liv s\u00e6tter sig i din krop, uanset om det er fysiske eller f\u00f8lelsesm\u00e6ssige p\u00e5virkninger, vaner og overbevisninger. I virkeligheden er det et forunderligt samspil i hver af os.<br><br>Din krop rummer et fantastisk liv, som du kan l\u00e6re at blive mere bevidst om og fornemme v\u00e6rdien af.\u00a0For mange kan det v\u00e6re sv\u00e6rt eller vanskeligt at have opm\u00e6rksomhed p\u00e5 kroppen og det man m\u00e6rker.\u00a0Der er s\u00e5ledes mange faktorer, som en grundig og seri\u00f8s f\u00e6lles afd\u00e6kning kan belyse.<br><br>Oftest skal vi have en indledende samtale om det problem, der udfordrer dig og f\u00e6lles forestillinger om og i m\u00f8det. Alt efter problemet er der desuden almindeligvis brug for et fysisk overblik, der rettes mod: <br><br>&#8211; Fysisk holdning og fremtoning.<br>&#8211; \u00c5ndedr\u00e6t.<br>&#8211; Sp\u00e6ndingsm\u00f8nster.<br>&#8211; Udvalgt bev\u00e6gelse.<br><br>Alt efter hvad vi finder af relevante sammenh\u00e6nge, kan den videre session indeholde:<br><br>&#8211; Information om funktionelle kropslige sammenh\u00e6nge.<br>&#8211; Bevidstg\u00f8relse om samspillet mellem krop, sind og nervesystem.<br>&#8211; St\u00f8tte til livsstils\u00e6ndringer, personlig krise og langvarige kropslige problemer.<br>&#8211; Bev\u00e6gelse til l\u00f8sning af sp\u00e6ndinger, blokeringer og ubehag.<br>&#8211; Briksarbejde for l\u00f8sning af sp\u00e6ndinger, blokeringer og ubehag. <\/p>\n\n\n\n<p><\/p>\n","protected":false},"excerpt":{"rendered":"<p>Individuel terapi F\u00e5 et hurtigt overblik HER. Links til uddybende overblik: Bev\u00e6gelsesterapiHelhedsorienteret fysioterapi og kropsterapiSamtaleterapi\/Walk and talkKognitiv terapi og mindfulnessNaturen som terapeutisk ramme Om det terapeutiske rum hos mig Som klient hos mig kan du forvente: &#8211; Et helhedsorienteret m\u00f8de med dig og det du kommer med.&#8211; Fuld diskretion.&#8211; Et ikke-kravspr\u00e6get og ikke-vurderende rum.&#8211; En [&hellip;]<\/p>\n","protected":false},"author":1,"featured_media":0,"parent":0,"menu_order":0,"comment_status":"closed","ping_status":"closed","template":"","meta":{"footnotes":""},"class_list":["post-301","page","type-page","status-publish","hentry"],"_links":{"self":[{"href":"https:\/\/dennisnaesby.dk\/index.php?rest_route=\/wp\/v2\/pages\/301","targetHints":{"allow":["GET"]}}],"collection":[{"href":"https:\/\/dennisnaesby.dk\/index.php?rest_route=\/wp\/v2\/pages"}],"about":[{"href":"https:\/\/dennisnaesby.dk\/index.php?rest_route=\/wp\/v2\/types\/page"}],"author":[{"embeddable":true,"href":"https:\/\/dennisnaesby.dk\/index.php?rest_route=\/wp\/v2\/users\/1"}],"replies":[{"embeddable":true,"href":"https:\/\/dennisnaesby.dk\/index.php?rest_route=%2Fwp%2Fv2%2Fcomments&post=301"}],"version-history":[{"count":5,"href":"https:\/\/dennisnaesby.dk\/index.php?rest_route=\/wp\/v2\/pages\/301\/revisions"}],"predecessor-version":[{"id":317,"href":"https:\/\/dennisnaesby.dk\/index.php?rest_route=\/wp\/v2\/pages\/301\/revisions\/317"}],"wp:attachment":[{"href":"https:\/\/dennisnaesby.dk\/index.php?rest_route=%2Fwp%2Fv2%2Fmedia&parent=301"}],"curies":[{"name":"wp","href":"https:\/\/api.w.org\/{rel}","templated":true}]}}